te the highest common factor of 105 and 3423.
21
Calculate the greatest common divisor of 102 and 10944498.
102
What is the highest common factor of 898534 and 182?
182
What is the highest common divisor of 1875 and 7170?
15
Calculate the highest common factor of 197862 and 126.
42
Calculate the greatest common divisor of 592 and 501128.
296
What is the greatest common factor of 495 and 1401705?
45
Calculate the highest common divisor of 1530295 and 325.
65
What is the greatest common divisor of 56 and 169712?
8
What is the greatest common factor of 33733 and 122?
61
Calculate the highest common divisor of 104 and 138424.
104
Calculate the highest common factor of 2097 and 9395259.
699
What is the highest common factor of 158270 and 3920?
490
What is the greatest common divisor of 261 and 677208?
87
What is the greatest common divisor of 297 and 3993?
33
What is the greatest common divisor of 83504 and 1360?
272
Calculate the greatest common divisor of 122 and 127612.
122
Calculate the highest common divisor of 20791 and 2159.
17
What is the highest common divisor of 340 and 12631?
17
Calculate the greatest common divisor of 11831452 and 38.
38
What is the greatest common divisor of 6219 and 18?
9
What is the highest common factor of 272 and 104?
8
What is the highest common divisor of 24684 and 2178?
726
What is the greatest common factor of 4 and 18168?
4
What is the highest common divisor of 2875 and 943?
23
What is the greatest common factor of 4678 and 182?
2
Calculate the greatest common factor of 611 and 377.
13
Calculate the highest common divisor of 215735 and 45.
5
What is the greatest common factor of 2684 and 3707?
11
What is the greatest common divisor of 52555 and 46?
23
What is the greatest common divisor of 115300 and 100?
100
Calculate the highest common factor of 87 and 25143.
87
Calculate the highest common divisor of 9 and 2148.
3
What is the highest common factor of 2324035 and 230?
115
What is the greatest common divisor of 879315 and 620?
155
What is the highest common divisor of 68554 and 302?
302
Calculate the highest common factor of 585762 and 2796.
1398
Calculate the greatest common divisor of 7 and 66145.
1
What is the highest common factor of 26047 and 122?
61
What is the greatest common divisor of 182190 and 6?
6
Calculate the highest common factor of 285 and 705.
15
What is the greatest common divisor of 1746 and 520?
2
What is the highest common factor of 9 and 2882826?
9
Calculate the highest common factor of 48 and 690972.
12
What is the greatest common divisor of 352 and 179696?
176
What is the greatest common factor of 1820 and 2905?
35
What is the greatest common factor of 957145 and 2378?
1189
What is the highest common divisor of 883585 and 1220?
305
What is the greatest common factor of 1896 and 1308?
12
What is the greatest common factor of 122624 and 7168?
256
What is the highest common factor of 463 and 1821905?
463
What is the highest common factor of 85 and 8335?
5
What is the highest common divisor of 260 and 628?
4
Calculate the highest common divisor of 713 and 9796.
31
Calculate the greatest common factor of 3 and 1942.
1
What is the greatest common factor of 98307 and 3564?
297
Calculate the greatest common divisor of 23048 and 43.
43
What is the greatest common factor of 159016 and 17875?
143
Calculate the highest common divisor of 90144 and 144.
144
What is the highest common factor of 36 and 9492?
12
Calculate the greatest common divisor of 129308 and 28.
4
What is the highest common divisor of 15 and 1605?
15
What is the greatest common divisor of 1083 and 91333?
361
What is the highest common divisor of 378728 and 112?
56
What is the highest common factor of 1115 and 9366?
223
What is the highest common factor of 10675500 and 22?
22
What is the greatest common factor of 80724 and 19964?
868
Calculate the greatest common factor of 11172 and 23066.
38
Calculate the greatest common divisor of 231445 and 820.
205
Calculate the highest common divisor of 44694 and 30420.
234
What is the greatest common factor of 1241148 and 48?
12
Calculate the highest common factor of 658 and 2050328.
658
What is the highest common divisor of 3384 and 2914?
94
Calculate the highest common factor of 118311 and 10470.
1047
What is the greatest common factor of 27748 and 224?
28
What is the greatest common factor of 4424 and 128?
8
Calculate the highest common divisor of 720656 and 617.
617
What is the greatest common divisor of 71882 and 2830?
566
What is the highest common factor of 2866738 and 14?
14
Calculate the highest common factor of 18 and 470592.
18
What is the highest common divisor of 36 and 1295172?
36
Calculate the greatest common divisor of 484 and 5412.
44
What is the highest common factor of 489931 and 669?
223
What is the greatest common factor of 208 and 162416?
16
Calculate the highest common factor of 38094 and 546.
42
What is the greatest common divisor of 261 and 224025?
87
What is the greatest common divisor of 1448454 and 63?
21
What is the highest common factor of 342990 and 2664?
666
Calculate the greatest common divisor of 7821730 and 380.
190
Calculate the highest common factor of 98590 and 640.
10
What is the highest common divisor of 126 and 15939?
63
Calculate the greatest common divisor of 39 and 35555.
13
What is the highest common factor of 858 and 110734?
26
What is the greatest common factor of 206087 and 413?
413
Calculate the highest common factor of 5802957 and 45.
9
Calculate the highest common factor of 615162 and 666.
222
Calculate the highest common factor of 6896 and 112.
16
What is the greatest common divisor of 7156 and 16?
4
Calculate the greatest common factor of 106 and 206594.
106
What is the highest common factor of 42 and 316932?
42
Calculate the greatest common factor of 56864 and 40.
8
Calculate the highest common divisor of 539894 and 1.
1
Calculate the greatest common factor of 82 and 80401.
41
Calculate the highest common divisor of 4512 and 1760808.
1128
What is the highest common divisor of 309 and 27913?
103
What is the highest common divisor of 472463 and 2249?
173
Calculate the greatest common factor of 361 and 3334196.
361
What is the highest common divisor of 4602 and 1794?
78
Calculate the highest common divisor of 2 and 18674.
2
Calculate the highest common divisor of 101420 and 9020.
220
Calculate the highest common factor of 6 and 573297.
3
Calculate the highest common divisor of 608536 and 1856.
232
Calculate the greatest common divisor of 40 and 1010.
10
What is the greatest common factor of 251808 and 344?
344
What is the highest common divisor of 1962 and 102?
6
What is the highest common factor of 213 and 220952?
71
What is the highest common factor of 810 and 6516?
18
What is the highest common factor of 791731 and 379?
379
What is the greatest common factor of 22928 and 80?
16
What is the highest common factor of 75 and 1485555?
15
Calculate the greatest common factor of 6549 and 111.
111
Calculate the greatest common divisor of 1750 and 32200.
350
Calculate the highest common factor of 97353 and 145.
29
Calculate the highest common factor of 481 and 138229.
13
Calculate the greatest common factor of 69010 and 201.
67
Calculate the highest common factor of 1980 and 202400.
220
Calculate the greatest common factor of 12 and 56349.
3
Calculate the highest common divisor of 974956 and 2676.
892
What is the highest common factor of 185 and 410885?
185
Calculate the highest common divisor of 80652 and 143.
143
What is the highest common divisor of 2714 and 1978?
46
Calculate the greatest common divisor of 4318 and 2244.
34
Calculate the highest common divisor of 43 and 5513933.
43
What is the highest common divisor of 891 and 12441?
33
Calculate the highest common factor of 5155 and 95883.
1031
Calculate the highest common factor of 530 and 1260.
10
What is the greatest common factor of 288 and 3879?
9
Calculate the greatest common divisor of 8696 and 952.
8
Calculate the greatest common factor of 815 and 75958.
163
What is the highest common divisor of 21 and 220521?
21
Calculate the highest common factor of 213083 and 444.
37
Calculate the greatest common factor of 138 and 1950.
6
Calculate the greatest common divisor of 10290 and 60466